{"id":11,"date":"2016-04-16T12:26:56","date_gmt":"2016-04-16T10:26:56","guid":{"rendered":"http:\/\/kuraszyk.eu\/?page_id=11"},"modified":"2021-01-12T12:52:45","modified_gmt":"2021-01-12T11:52:45","slug":"historia-firmy","status":"publish","type":"page","link":"http:\/\/kuraszyk.eu\/index.php\/historia-firmy\/","title":{"rendered":"Historia firmy"},"content":{"rendered":"<p><strong><img loading=\"lazy\" decoding=\"async\" class=\"size-medium wp-image-133 alignleft\" src=\"http:\/\/kuraszyk.eu\/wp-content\/uploads\/2016\/05\/243-300x225.jpg\" alt=\"243\" width=\"300\" height=\"225\" srcset=\"http:\/\/kuraszyk.eu\/wp-content\/uploads\/2016\/05\/243-300x225.jpg 300w, http:\/\/kuraszyk.eu\/wp-content\/uploads\/2016\/05\/243-600x450.jpg 600w, http:\/\/kuraszyk.eu\/wp-content\/uploads\/2016\/05\/243-768x576.jpg 768w, http:\/\/kuraszyk.eu\/wp-content\/uploads\/2016\/05\/243.jpg 800w\" sizes=\"(max-width: 300px) 100vw, 300px\" \/> <\/strong>Zak\u0142ad Us\u0142ugowo-Handlowy Leszek Kuraszyk posiada <strong>30 letnie do\u015bwiadczenie<\/strong> w projektowaniu i realizacji inwestycji z zakresu instalacji centralnego ogrzewania i wodnokanalizacyjnych.<\/p>\n<p><strong>Od 1997 r.<\/strong> g\u0142\u00f3wnym kierunkiem dzia\u0142alno\u015bci firmy s\u0105 inwestycje zwi\u0105zane z pozyskiwaniem energii ze \u017ar\u00f3de\u0142 odnawialnych tj. pompy ciep\u0142a, kolektory s\u0142oneczne, kot\u0142y na biomas\u0119, fotowoltaika, elektrownie wiatrowe.<\/p>\n<p>Wieloletnie do\u015bwiadczenie kadry pracowniczej oraz wykorzystywanie najnowszych rozwi\u0105za\u0144 technologicznych pozwoli\u0142o nam na szybki rozw\u00f3j i zdobycie czo\u0142owej pozycji na rynku odnawialnych \u017ar\u00f3de\u0142 energii (OZE).<\/p>\n<p>W przestrzeni lat wykonali\u015bmy tysi\u0105ce instalacji grzewczych opartych na pompach ciep\u0142a, kot\u0142ach na biomase, kolektorach s\u0142onecznych i baterii fotowoltaicznych oraz wiele innych inwestycji.<\/p>\n","protected":false},"excerpt":{"rendered":"<p>Zak\u0142ad Us\u0142ugowo-Handlowy Leszek Kuraszyk posiada 30 letnie do\u015bwiadczenie w projektowaniu i realizacji inwestycji z zakresu instalacji centralnego ogrzewania i wodnokanalizacyjnych. Od 1997 r. g\u0142\u00f3wnym kierunkiem dzia\u0142alno\u015bci firmy s\u0105 inwestycje zwi\u0105zane z pozyskiwaniem energii ze \u017ar\u00f3de\u0142 odnawialnych tj. pompy ciep\u0142a, kolektory s\u0142oneczne, kot\u0142y na biomas\u0119, fotowoltaika, elektrownie wiatrowe. Wieloletnie do\u015bwiadczenie kadry pracowniczej oraz wykorzystywanie najnowszych rozwi\u0105za\u0144 &#8230; <\/p>\n<p class=\"moree\"><a class=\"arbtnn arbtnn-small arbtnnsrborder\" href=\"http:\/\/kuraszyk.eu\/index.php\/historia-firmy\/\">Read more <i class=\"fa fa-arrow-circle-right\"><\/i><\/a><\/p>\n","protected":false},"author":1,"featured_media":0,"parent":0,"menu_order":0,"comment_status":"closed","ping_status":"closed","template":"page-full.php","meta":{"footnotes":""},"_links":{"self":[{"href":"http:\/\/kuraszyk.eu\/index.php\/wp-json\/wp\/v2\/pages\/11"}],"collection":[{"href":"http:\/\/kuraszyk.eu\/index.php\/wp-json\/wp\/v2\/pages"}],"about":[{"href":"http:\/\/kuraszyk.eu\/index.php\/wp-json\/wp\/v2\/types\/page"}],"author":[{"embeddable":true,"href":"http:\/\/kuraszyk.eu\/index.php\/wp-json\/wp\/v2\/users\/1"}],"replies":[{"embeddable":true,"href":"http:\/\/kuraszyk.eu\/index.php\/wp-json\/wp\/v2\/comments?post=11"}],"version-history":[{"count":3,"href":"http:\/\/kuraszyk.eu\/index.php\/wp-json\/wp\/v2\/pages\/11\/revisions"}],"predecessor-version":[{"id":167,"href":"http:\/\/kuraszyk.eu\/index.php\/wp-json\/wp\/v2\/pages\/11\/revisions\/167"}],"wp:attachment":[{"href":"http:\/\/kuraszyk.eu\/index.php\/wp-json\/wp\/v2\/media?parent=11"}],"curies":[{"name":"wp","href":"https:\/\/api.w.org\/{rel}","templated":true}]}}