{"id":15,"date":"2016-04-16T12:31:10","date_gmt":"2016-04-16T10:31:10","guid":{"rendered":"http:\/\/kuraszyk.eu\/?page_id=15"},"modified":"2024-03-01T09:42:55","modified_gmt":"2024-03-01T08:42:55","slug":"przykladowe-realizacje","status":"publish","type":"page","link":"http:\/\/kuraszyk.eu\/","title":{"rendered":"Przyk\u0142adowe realizacje"},"content":{"rendered":"\n<ul>\n<li>Ostr\u00f3w Mazowiecki, 2007. Budynek mieszkalny. Monta\u017c pomp ciep\u0142a WPF16 (3\u00d716 kW) kot\u0142a Holtgaz (100 kW), zestawu kolektor\u00f3w s\u0142onecznych (16 szt.)<\/li>\n\n\n\n<li>Drohiczyn, 2009. Centrum Dialogu. Monta\u017c pomp ciep\u0142a WPF52 (2\u00d752 kW), zestawu kolektor\u00f3w s\u0142onecznych (32 szt.)<\/li>\n\n\n\n<li>Olsztyn, 2010 Olszty\u0144ska Wsp\u00f3lnota Mieszkaniowa \u201cJaroty\u201d. Monta\u017c zestawu kolektor\u00f3w s\u0142onecznych (90 szt.)<\/li>\n\n\n\n<li>Bochnia, 2011. Centrum Stomatologiczne. Monta\u017c pomp ciep\u0142a WPL34A (2x 20kW), zasobnika buforowego (2x1000l), zasobnika CWU800l., zestawu kolektor\u00f3w s\u0142onecznych pr\u00f3\u017cniowych (8szt.)<\/li>\n\n\n\n<li>Drohiczyn, 2012. Obiekty Kurii Diecezjalnej. Monta\u017c pomp ciep\u0142a WPF66 (3\u00d766 kW), buforowego (2x 1500 l), zasobnika CWU 800l, sond pionowych (40x 100m)<\/li>\n\n\n\n<li>Adampol, 2012. Zak\u0142ad Opieki Zdrowotnej Gru\u017alicy i Chor\u00f3b P\u0142uc. Monta\u017c kot\u0142a 400kW na pellet, kompleksowa instalacja<\/li>\n\n\n\n<li>Mi\u0119dzyrzec Podlaski, 2012. Budynek hotelowy \u201cHesperus\u201d. Monta\u017c zestawu kolektor\u00f3w s\u0142onecznych (18szt.), zasobnika CWU 2\u00d71000 l<\/li>\n<\/ul>\n","protected":false},"excerpt":{"rendered":"","protected":false},"author":1,"featured_media":133,"parent":0,"menu_order":0,"comment_status":"closed","ping_status":"closed","template":"","meta":{"footnotes":""},"_links":{"self":[{"href":"http:\/\/kuraszyk.eu\/index.php\/wp-json\/wp\/v2\/pages\/15"}],"collection":[{"href":"http:\/\/kuraszyk.eu\/index.php\/wp-json\/wp\/v2\/pages"}],"about":[{"href":"http:\/\/kuraszyk.eu\/index.php\/wp-json\/wp\/v2\/types\/page"}],"author":[{"embeddable":true,"href":"http:\/\/kuraszyk.eu\/index.php\/wp-json\/wp\/v2\/users\/1"}],"replies":[{"embeddable":true,"href":"http:\/\/kuraszyk.eu\/index.php\/wp-json\/wp\/v2\/comments?post=15"}],"version-history":[{"count":3,"href":"http:\/\/kuraszyk.eu\/index.php\/wp-json\/wp\/v2\/pages\/15\/revisions"}],"predecessor-version":[{"id":293,"href":"http:\/\/kuraszyk.eu\/index.php\/wp-json\/wp\/v2\/pages\/15\/revisions\/293"}],"wp:featuredmedia":[{"embeddable":true,"href":"http:\/\/kuraszyk.eu\/index.php\/wp-json\/wp\/v2\/media\/133"}],"wp:attachment":[{"href":"http:\/\/kuraszyk.eu\/index.php\/wp-json\/wp\/v2\/media?parent=15"}],"curies":[{"name":"wp","href":"https:\/\/api.w.org\/{rel}","templated":true}]}}