{"id":24,"date":"2016-04-16T13:41:55","date_gmt":"2016-04-16T11:41:55","guid":{"rendered":"http:\/\/kuraszyk.eu\/?page_id=24"},"modified":"2021-01-12T12:55:36","modified_gmt":"2021-01-12T11:55:36","slug":"kontakt","status":"publish","type":"page","link":"http:\/\/kuraszyk.eu\/index.php\/kontakt\/","title":{"rendered":"Kontakt"},"content":{"rendered":"<p>Pe\u0142na nazwa: <strong>Zak\u0142ad Us\u0142ugowo-Handlowy Leszek Kuraszyk<\/strong><\/p>\n<p>Adres siedziby: <strong>21-560 Mi\u0119dzyrzec Podlaski, ul. Kordiana 2\/8<\/strong><\/p>\n<p>Adres magazynu: <strong>Rzeczyca, ul. Polna 6<\/strong><\/p>\n<p>Numer NIP <strong>538-105-44-77<\/strong><\/p>\n<p>Numer REGON <strong>030150503<\/strong><\/p>\n<p>Adres e-mail: <strong>kontakt@kuraszyk.pl<\/strong><\/p>\n<p>Tel.\/fax. <strong>83 371 66 62<\/strong><\/p>\n<p>Tel. kom. <strong>604 461 074<\/strong><\/p>\n<p>&nbsp;<\/p>\n<hr \/>\n<p>&nbsp;<\/p>\n<p><em><strong>Jak do nas dojecha\u0107?<\/strong><\/em><br \/>\n<iframe loading=\"lazy\" style=\"border: 0;\" src=\"https:\/\/www.google.com\/maps\/embed?pb=!1m18!1m12!1m3!1d2458.6253025139863!2d22.743733315710344!3d51.95902397971184!2m3!1f0!2f0!3f0!3m2!1i1024!2i768!4f13.1!3m3!1m2!1s0x4721f3ef0548ff6b%3A0x1495b8dc23897412!2sPolna+6%2C+21-560+Rzeczyca!5e0!3m2!1spl!2spl!4v1459875253585\" width=\"600\" height=\"450\" frameborder=\"0\" allowfullscreen=\"allowfullscreen\"><\/iframe><\/p>\n","protected":false},"excerpt":{"rendered":"<p>Pe\u0142na nazwa: Zak\u0142ad Us\u0142ugowo-Handlowy Leszek Kuraszyk Adres siedziby: 21-560 Mi\u0119dzyrzec Podlaski, ul. Kordiana 2\/8 Adres magazynu: Rzeczyca, ul. Polna 6 Numer NIP 538-105-44-77 Numer REGON 030150503 Adres e-mail: kontakt@kuraszyk.pl Tel.\/fax. 83 371 66 62 Tel. kom. 604 461 074 &nbsp; &nbsp; Jak do nas dojecha\u0107?<\/p>\n","protected":false},"author":1,"featured_media":0,"parent":0,"menu_order":0,"comment_status":"closed","ping_status":"closed","template":"page-full.php","meta":{"footnotes":""},"_links":{"self":[{"href":"http:\/\/kuraszyk.eu\/index.php\/wp-json\/wp\/v2\/pages\/24"}],"collection":[{"href":"http:\/\/kuraszyk.eu\/index.php\/wp-json\/wp\/v2\/pages"}],"about":[{"href":"http:\/\/kuraszyk.eu\/index.php\/wp-json\/wp\/v2\/types\/page"}],"author":[{"embeddable":true,"href":"http:\/\/kuraszyk.eu\/index.php\/wp-json\/wp\/v2\/users\/1"}],"replies":[{"embeddable":true,"href":"http:\/\/kuraszyk.eu\/index.php\/wp-json\/wp\/v2\/comments?post=24"}],"version-history":[{"count":1,"href":"http:\/\/kuraszyk.eu\/index.php\/wp-json\/wp\/v2\/pages\/24\/revisions"}],"predecessor-version":[{"id":25,"href":"http:\/\/kuraszyk.eu\/index.php\/wp-json\/wp\/v2\/pages\/24\/revisions\/25"}],"wp:attachment":[{"href":"http:\/\/kuraszyk.eu\/index.php\/wp-json\/wp\/v2\/media?parent=24"}],"curies":[{"name":"wp","href":"https:\/\/api.w.org\/{rel}","templated":true}]}}